{"id":8892,"date":"2023-08-01T09:56:25","date_gmt":"2023-08-01T07:56:25","guid":{"rendered":"https:\/\/www.sv-lengede.de\/svl\/?page_id=8892"},"modified":"2023-08-01T10:03:16","modified_gmt":"2023-08-01T08:03:16","slug":"yoga","status":"publish","type":"page","link":"https:\/\/www.sv-lengede.de\/svl\/yoga\/","title":{"rendered":"Yoga"},"content":{"rendered":"\t\t<div data-elementor-type=\"wp-page\" data-elementor-id=\"8892\" class=\"elementor elementor-8892\">\n\t\t\t\t\t\t<section class=\"elementor-section elementor-top-section elementor-element elementor-element-c38e2b4 elementor-section-boxed elementor-section-height-default elementor-section-height-default\" data-id=\"c38e2b4\" data-element_type=\"section\" data-e-type=\"section\">\n\t\t\t\t\t\t<div class=\"elementor-container elementor-column-gap-default\">\n\t\t\t\t\t<div class=\"elementor-column elementor-col-100 elementor-top-column elementor-element elementor-element-5724d57d\" data-id=\"5724d57d\" data-element_type=\"column\" data-e-type=\"column\">\n\t\t\t<div class=\"elementor-widget-wrap elementor-element-populated\">\n\t\t\t\t\t\t<div class=\"elementor-element elementor-element-34004867 elementor-widget elementor-widget-text-editor\" data-id=\"34004867\" data-element_type=\"widget\" data-e-type=\"widget\" data-widget_type=\"text-editor.default\">\n\t\t\t\t<div class=\"elementor-widget-container\">\n\t\t\t\t\t\t\t\t\t<p><\/p>\n<figure class=\"wp-block-image size-full\"><img fetchpriority=\"high\" decoding=\"async\" width=\"1276\" height=\"719\" class=\"wp-image-8890\" src=\"https:\/\/www.sv-lengede.de\/svl\/wp-content\/uploads\/2023\/08\/Yoga.png\" alt=\"\" srcset=\"https:\/\/www.sv-lengede.de\/svl\/wp-content\/uploads\/2023\/08\/Yoga.png 1276w, https:\/\/www.sv-lengede.de\/svl\/wp-content\/uploads\/2023\/08\/Yoga-300x169.png 300w, https:\/\/www.sv-lengede.de\/svl\/wp-content\/uploads\/2023\/08\/Yoga-768x433.png 768w\" sizes=\"(max-width: 1276px) 100vw, 1276px\" \/><\/figure>\n<p><\/p>\n<p><\/p>\n<p><strong>Wieder Yoga beim SV Lengede ab Donnerstag, den 5. Oktober 2023<\/strong><\/p>\n<p><\/p>\n<p><\/p>\n<p><strong>Hatha-Yoga<\/strong>\u00a0f\u00fcr\u00a0Ge\u00fcbte*innen\u00a0und Anf\u00e4nger*innen mit Grundkenntnissen beim SV Lengede\u00a0<br \/><span style=\"color: var( --e-global-color-text ); font-family: var( --e-global-typography-text-font-family ), Sans-serif; font-weight: var( --e-global-typography-text-font-weight );\">Yoga ist ein uraltes indisches \u00dcbungssystem um K\u00f6rper, Geist und Seele in Einklang zu bringen.\u00a0<br \/><\/span><span style=\"color: var( --e-global-color-text ); font-family: var( --e-global-typography-text-font-family ), Sans-serif; font-weight: var( --e-global-typography-text-font-weight );\">Dabei werden sowohl K\u00f6rperhaltungen als auch Entspannungs- und Atemtechniken praktiziert.<\/span><\/p>\n<p><\/p>\n<p><\/p>\n<p>Wer sich auf Yoga einl\u00e4sst, kann \u2013 teilweise bereits nach kurzer Zeit \u2013 einige seiner wunderbaren Wirkungen erfahren: &#8211; Steigerung der Flexibilit\u00e4t in K\u00f6rper und Geist &#8211; innere Ruhe, Energie und Vitalit\u00e4t k\u00f6nnen sich einstellen\u2026\u00a0<\/p>\n<p>Ich lade Dich herzlich ein Yoga zu praktizieren und seine wohltuenden Wirkungen zu erfahren! Ab 5. Oktober beim SV Lengede: donnerstags von 19 bis 20.30 Uhr<\/p>\n<p><\/p>\n<p><\/p>\n<p>F\u00fcr inhaltliche Fragen zum Yoga \u2013 bitte vorab gerne bei mir melden: Barbara Schr\u00f6der<\/p>\n<p><\/p>\n<p><\/p>\n<p>E-Mail<strong>:\u00a0\u00a0\u00a0<a href=\"mailto:kimmbar63@gmail.com\" target=\"_blank\" rel=\"noreferrer noopener\">kimmbar63@gmail.com<\/a><\/strong>\u00a0Bitte eine Decke \/ Sitzkissen und dicke Socken mitbringen, sowie die eigene Yogamatte!\u00a0\u00dcbungsort ist die Kleinsporthalle am Schachtweg 1 in Lengede.\u00a0<\/p>\n<p>\u00a0<\/p>\n<h2><b>Anmeldungen und R\u00fcckfragen direkt \u00fcber das Formular stellen:\u00a0<\/b><\/h2>\n<p><\/p>\n<p><\/p>\n<div class=\"wp-block-contact-form-7-contact-form-selector\">\n<div class=\"wpcf7 no-js\" id=\"wpcf7-f8893-o1\" lang=\"de-DE\" dir=\"ltr\" data-wpcf7-id=\"8893\">\n<div class=\"screen-reader-response\"><p role=\"status\" aria-live=\"polite\" aria-atomic=\"true\"><\/p> <ul><\/ul><\/div>\n<form action=\"\/svl\/wp-json\/wp\/v2\/pages\/8892#wpcf7-f8893-o1\" method=\"post\" class=\"wpcf7-form init\" aria-label=\"Kontaktformular\" novalidate=\"novalidate\" data-status=\"init\">\n<fieldset class=\"hidden-fields-container\"><input type=\"hidden\" name=\"_wpcf7\" value=\"8893\" \/><input type=\"hidden\" name=\"_wpcf7_version\" value=\"6.1.5\" \/><input type=\"hidden\" name=\"_wpcf7_locale\" value=\"de_DE\" \/><input type=\"hidden\" name=\"_wpcf7_unit_tag\" value=\"wpcf7-f8893-o1\" \/><input type=\"hidden\" name=\"_wpcf7_container_post\" value=\"0\" \/><input type=\"hidden\" name=\"_wpcf7_posted_data_hash\" value=\"\" \/>\n<\/fieldset>\n<p><label> Dein Name<br \/>\n<span class=\"wpcf7-form-control-wrap\" data-name=\"your-name\"><input size=\"40\" maxlength=\"400\" class=\"wpcf7-form-control wpcf7-text wpcf7-validates-as-required\" autocomplete=\"name\" aria-required=\"true\" aria-invalid=\"false\" value=\"\" type=\"text\" name=\"your-name\" \/><\/span> <\/label>\n<\/p>\n<p><label> Deine E-Mail-Adresse<br \/>\n<span class=\"wpcf7-form-control-wrap\" data-name=\"your-email\"><input size=\"40\" maxlength=\"400\" class=\"wpcf7-form-control wpcf7-email wpcf7-validates-as-required wpcf7-text wpcf7-validates-as-email\" autocomplete=\"email\" aria-required=\"true\" aria-invalid=\"false\" value=\"\" type=\"email\" name=\"your-email\" \/><\/span> <\/label>\n<\/p>\n<p><label> Deine Nachricht (optional)<br \/>\n<span class=\"wpcf7-form-control-wrap\" data-name=\"your-message\"><textarea cols=\"40\" rows=\"10\" maxlength=\"2000\" class=\"wpcf7-form-control wpcf7-textarea\" aria-invalid=\"false\" name=\"your-message\"><\/textarea><\/span> <\/label>\n<\/p>\n<p><input class=\"wpcf7-form-control wpcf7-submit has-spinner\" type=\"submit\" value=\"Senden\" \/>\n<\/p><input type='hidden' class='wpcf7-pum' value='{\"closepopup\":false,\"closedelay\":0,\"openpopup\":false,\"openpopup_id\":0}' \/><div class=\"wpcf7-response-output\" aria-hidden=\"true\"><\/div>\n<\/form>\n<\/div>\n<\/div>\n<p><\/p>\n<p><\/p>\n<p><\/p>\t\t\t\t\t\t\t\t<\/div>\n\t\t\t\t<\/div>\n\t\t\t\t\t<\/div>\n\t\t<\/div>\n\t\t\t\t\t<\/div>\n\t\t<\/section>\n\t\t\t\t<section class=\"elementor-section elementor-top-section elementor-element elementor-element-644f6ee elementor-section-boxed elementor-section-height-default elementor-section-height-default\" data-id=\"644f6ee\" data-element_type=\"section\" data-e-type=\"section\">\n\t\t\t\t\t\t<div class=\"elementor-container elementor-column-gap-default\">\n\t\t\t\t\t<div class=\"elementor-column elementor-col-100 elementor-top-column elementor-element elementor-element-5ad99c5\" data-id=\"5ad99c5\" data-element_type=\"column\" data-e-type=\"column\">\n\t\t\t<div class=\"elementor-widget-wrap elementor-element-populated\">\n\t\t\t\t\t\t<div class=\"elementor-element elementor-element-ea4243a elementor-widget elementor-widget-wp-widget-srpw_widget\" data-id=\"ea4243a\" data-element_type=\"widget\" data-e-type=\"widget\" data-widget_type=\"wp-widget-srpw_widget.default\">\n\t\t\t\t<div class=\"elementor-widget-container\">\n\t\t\t\t\t&lt;h2&gt;&lt;u&gt;Aktuelles&lt;\/h2&gt;&lt;\/u&gt;<div class=\"srpw-block srpw-classic-style \"><style>.srpw-thumbnail{\r\nwidth: 60px;\r\nheight: 60px;\r\n}<\/style><ul class=\"srpw-ul\"><li class=\"srpw-li srpw-clearfix\"><a class=\"srpw-img srpw-alignleft\" href=\"https:\/\/www.sv-lengede.de\/svl\/yoga-beim-sv-lengede\/\" target=\"_self\"><img decoding=\"async\" width=\"150\" height=\"150\" src=\"https:\/\/www.sv-lengede.de\/svl\/wp-content\/uploads\/2023\/08\/Yoga-150x150.png\" class=\" srpw-thumbnail wp-post-image\" alt=\"Yoga beim SV-Lengede\" \/><\/a><div class=\"srpw-content\"><a class=\"srpw-title\" href=\"https:\/\/www.sv-lengede.de\/svl\/yoga-beim-sv-lengede\/\" target=\"_self\">Yoga beim SV-Lengede<\/a><div class=\"srpw-meta\"><time class=\"srpw-time published\" datetime=\"2023-08-01T09:53:20+02:00\">1. August 2023<\/time><\/div><div class=\"srpw-summary\"><p>Wieder Yoga beim SV Lengede ab Donnerstag, den 5. Oktober&hellip;<\/p><a href=\"https:\/\/www.sv-lengede.de\/svl\/yoga-beim-sv-lengede\/\" class=\"srpw-more-link\" target=\"_self\">Weiterlesen<\/a><\/div><\/div><\/li><\/ul><\/div><!-- Generated by http:\/\/wordpress.org\/plugins\/smart-recent-posts-widget\/ -->\t\t\t\t<\/div>\n\t\t\t\t<\/div>\n\t\t\t\t\t<\/div>\n\t\t<\/div>\n\t\t\t\t\t<\/div>\n\t\t<\/section>\n\t\t\t\t<\/div>\n\t\t","protected":false},"excerpt":{"rendered":"<p>Wieder Yoga beim SV Lengede ab Donnerstag, den 5. Oktober 2023 Hatha-Yoga\u00a0f\u00fcr\u00a0Ge\u00fcbte*innen\u00a0und Anf\u00e4nger*innen mit Grundkenntnissen beim SV Lengede\u00a0Yoga ist ein uraltes indisches<\/p>\n<p class=\"link-more\"><a class=\"myButt \" href=\"https:\/\/www.sv-lengede.de\/svl\/yoga-beim-sv-lengede\/\">Read More<\/a><\/p>\n","protected":false},"author":1,"featured_media":0,"parent":0,"menu_order":0,"comment_status":"closed","ping_status":"closed","template":"","meta":{"footnotes":""},"class_list":["post-8892","page","type-page","status-publish","hentry"],"rttpg_featured_image_url":null,"rttpg_author":{"display_name":"svladmin","author_link":"https:\/\/www.sv-lengede.de\/svl\/author\/svladmin\/"},"rttpg_comment":0,"rttpg_category":"","rttpg_excerpt":"Wieder Yoga beim SV Lengede ab Donnerstag, den 5. Oktober 2023 Hatha-Yoga\u00a0f\u00fcr\u00a0Ge\u00fcbte*innen\u00a0und Anf\u00e4nger*innen mit Grundkenntnissen beim SV Lengede\u00a0Yoga ist ein uraltes indischesRead More","_links":{"self":[{"href":"https:\/\/www.sv-lengede.de\/svl\/wp-json\/wp\/v2\/pages\/8892","targetHints":{"allow":["GET"]}}],"collection":[{"href":"https:\/\/www.sv-lengede.de\/svl\/wp-json\/wp\/v2\/pages"}],"about":[{"href":"https:\/\/www.sv-lengede.de\/svl\/wp-json\/wp\/v2\/types\/page"}],"author":[{"embeddable":true,"href":"https:\/\/www.sv-lengede.de\/svl\/wp-json\/wp\/v2\/users\/1"}],"replies":[{"embeddable":true,"href":"https:\/\/www.sv-lengede.de\/svl\/wp-json\/wp\/v2\/comments?post=8892"}],"version-history":[{"count":13,"href":"https:\/\/www.sv-lengede.de\/svl\/wp-json\/wp\/v2\/pages\/8892\/revisions"}],"predecessor-version":[{"id":8910,"href":"https:\/\/www.sv-lengede.de\/svl\/wp-json\/wp\/v2\/pages\/8892\/revisions\/8910"}],"wp:attachment":[{"href":"https:\/\/www.sv-lengede.de\/svl\/wp-json\/wp\/v2\/media?parent=8892"}],"curies":[{"name":"wp","href":"https:\/\/api.w.org\/{rel}","templated":true}]}}